4)/1092)/43*-65?
8
Let t be (-35)/20 + 2 - 14/(-8). Suppose -246 = -3*b - t*u, -55*b + 2*u + 258 = -52*b. Calculate the remainder when b is divided by 13.
6
Suppose -4*n - 12 = -4, 138 = 2*k + n. Suppose -6*c - 652 = 338. Let b = c + 183. Calculate the remainder when k is divided by b.
16
Let a(r) = r**3 + 5*r**2 + 11*r + 18. Let u be a(-3). Calculate the remainder when -1 - (2 + -90 - 0) is divided by 5/u + 676/39 - 4.
12
Let d = -19 - -1. Let w(y) be the second derivative of -y**4/12 - 10*y**3/3 - 17*y**2/2 - 2*y - 21. What is the remainder when 53 is divided by w(d)?
15
Let p be ((-12)/(-21))/(-2)*-7. Let c be 54/6*p/6. Suppose -117 = -8*v + c. Calculate the remainder when v is divided by 6.
3
Let c(w) = -w**3 - 12*w**2 - 11*w - 381. What is the remainder when c(-14) is divided by 103?
62
Let l(s) = 2*s**3 - 27*s**2 + 38*s - 241. Calculate the remainder when l(14) is divided by 175.
137
Calculate the remainder when 222 is divided by 72 + (11/22 + 21/6)*-1.
18
Suppose -j = -2*i - 45 + 1120, -4*j - 2683 = -5*i. Let s = 759 - i. What is the remainder when s is divided by 17?
16
Suppose -2*q = -132*m + 127*m + 618, 4*q - 350 = -3*m. Calculate the remainder when 584 is divided by m.
96
What is the remainder when (12/(-10))/(9/(-1590)) is divided by (-2 + -244)*6/(-63) + (-10336)/(-18088)?
20
Suppose -296 = h + 4*k - 353, 288 = 4*h + 4*k. What is the remainder when 3463 is divided by h?
75
Let p = 8565 - 7961. What is the remainder when p is divided by 23?
6
Let o = -16241 - -16333. Calculate the remainder when 727 is divided by o.
83
Suppose 8683 = -105*v + 154*v - 3322. What is the remainder when v is divided by 18?
11
Let l = 359 + -359. Suppose 5*g - 83 = 2*i, l = 5*g + i + 2*i - 63. Calculate the remainder when 1101/27 - 2/(-9) is divided by g.
11
Suppose 0 = -y - 4, -23*y - 1264 = 4*x - 20*y. Let s = -255 - x. What is the remainder when s is divided by 10?
8
Calculate the remainder when 569 is divided by ((-24)/(-32) - (-10)/(-24))/((-10)/(-900)).
29
Suppose 5*g = 5*k + 65, 3*k = -g - 0*g + 13. Suppose 881*p - 10880 = 1642*p - 841*p. Calculate the remainder when p is divided by g.
6
Let q(d) = d**2 + 6*d + 5. Let x be q(-6). Suppose k = 4*k + x*i - 45, 3*i - 60 = -4*k. Let o = -25 - -142. What is the remainder when o is divided by k?
12
Let b = -1149 - -1556. What is the remainder when b is divided by 41?
38
What is the remainder when 1391 is divided by (16 + 47/(-3))/((-241)/(-120) + -2)?
31
Calculate the remainder when 419193/(-564)*(2 + -6) is divided by 93.
90
Let k(z) = -9*z**2 - 6 - 8 - 17*z - 2*z**2 + 10*z**2. Let q be (7 - 3 - 7) + -10. What is the remainder when k(q) is divided by 10?
8
Let c be (((-16)/12)/1)/((-8)/12). Let b = c - 0. Suppose k + 3*d = 4, b*k - 53 + 10 = d. Calculate the remainder when 56 is divided by k.
18
Suppose -4*w + s + 167 = 0, -s - 79 = -2*w - 2*s. Let v be (-1 + 83)*((-104)/16)/13. Let t = -35 - v. What is the remainder when w is divided by t?
5
Suppose 0 = -2*c - 0*c + 296. Suppose -6 + 245 + 407 = 17*q. What is the remainder when c is divided by q?
34
Suppose -9*k + 45 = -14*k. Let s = k + 17. Let r = 4 + 11. What is the remainder when r is divided by s?
7
Let g(d) = -175*d + 10257. Calculate the remainder when 7700 is divided by g(58).
103
Suppose -4*l - 3*t - 2*t = -69, -3*t - 29 = -2*l. Suppose -2*v = 4*y - 180, 2*y = 5*v + 62 + 28. Calculate the remainder when y is divided by l.
13
Suppose -4*b - x - 61 = -468, -2*b - 5*x + 181 = 0. Calculate the remainder when b is divided by 280/(-80)*(-96)/(-28) - -1*25.
12
Suppose 283 = 11*x + 195. What is the remainder when 989 is divided by x?
5
Let a be 260/(-6) - 8/12. Let s = a - -50. Calculate the remainder when 29 is divided by (4/s)/((-20)/(-450)).
14
Let k = -217 + 117. Let b = k - -103. Suppose -66 = -4*f - b*r, f - 3*r = -0*r + 9. Calculate the remainder when 42 is divided by f.
12
Suppose b = -3*b - 5*u + 3, -4*u - 8 = -2*b. Let z = 7 + -4. Suppose -14 = -b*o - 4*q + 2*q, z*o - 19 = -4*q. What is the remainder when 24 is divided by o?
6
Suppose 94*y = 22*y + 2304. Suppose -w + 263 = w + 3*x, 4*x + 369 = 3*w. What is the remainder when w is divided by y?
31
Let m(q) = 3*q**2 + 8*q + 5. Calculate the remainder when m(-7) is divided by 22 - 3040/140 - 96/(-7).
12
Let i(b) = 414*b - 2629. Calculate the remainder when i(8) is divided by 139.
127
Suppose 16*s - 18*s = -24. Suppose 10*y + s = 11*y. What is the remainder when (-15)/(20/12 - 2) is divided by y?
9
Suppose -4*i - o + 70 = 0, i = -2*i + 2*o + 47. Let f(x) = 0*x + 2*x - x - 33 + 38 - x**2. What is the remainder when i is divided by f(0)?
2
Suppose -106*k + 14440 = -8244. What is the remainder when k is divided by 6?
4
Calculate the remainder when (66591/735)/((-1)/(-5)) is divided by 224.
5
Let f(y) = 469*y**3 + 2*y - 1. Let h be f(1). Suppose 0 = -2*q + 14*q - 168. What is the remainder when 12/(-54) + h/9 is divided by q?
10
Let l = 26580 - 12910. Calculate the remainder when l is divided by 49.
48
Let p = -1 - -20. Suppose -26 = -2*i - 16. What is the remainder when 4/((-4)/(-61)) - i is divided by p?
18
Let o be 1 + (-4)/3 + (-416)/(-6). Let x = -57 + o. Suppose -x*p + 11*p + 23 = 0. Calculate the remainder when p is divided by 6.
5
Let r(s) be the second derivative of s**5/20 - s**4/2 - 5*s**3/2 + 13*s**2 + 13*s - 3. What is the remainder when r(9) is divided by 46?
42
Suppose 30*v = -12*v + 126. Suppose 0 = 2*w - 5*g - 71, 5*w = 2*w + v*g + 93. What is the remainder when 110 is divided by w?
26
Suppose -4*v - 12 = 52. What is the remainder when -30*4*2/v is divided by 11?
4
Let b = 946 + -729. Calculate the remainder when b is divided by 32.
25
Let r(i) = 358*i**2 - 15*i - 50. Let n be r(-3). Suppose 13*l = 488 + n. What is the remainder when l is divided by 8?
5
Let q(b) = 4*b**2 - 3*b + 3. Let x be q(1). Suppose 2*o = 5*w - x*w - 9, -5*w + 3*o + 66 = 0. What is the remainder when 36 is divided by w?
6
Suppose 65*i - 57*i = -3272. Let t = -300 - i. What is the remainder when t is divided by 10?
9
Suppose 38*o + 36500 = -12*o. Let m = o - -744. Calculate the remainder when 166 is divided by m.
12
Suppose 29 = 7*f + 57. Let p(d) = -12*d - 30. Calculate the remainder when 141 is divided by p(f).
15
Let u = 5187 + -4482. Calculate the remainder when u is divided by 147.
117
Let h be 10/(-6) + (-85)/(-15) + -5. Calculate the remainder when h/3 + (-226)/(-3) is divided by 14.
5
Suppose 0 = 3*z, 0*r + 4*z = -3*r + 123. Let s be (-42)/14 - -5*5. Let p = 33 - s. Calculate the remainder when r is divided by p.
8
Let p(f) = -f**3 + 69*f**2 + 71*f + 118. What is the remainder when 562 is divided by p(70)?
186
Let k be (-6)/15*-10*(-189)/14. Calculate the remainder when 168 is divided by k/(-5) + 4/(-5).
8
Let u be 3*21/(-28)*-4. Suppose u*z - 10*z = -39. What is the remainder when 192 is divided by z?
36
Let d = -721 - -748. Suppose -d*c = -355 - 185. Calculate the remainder when 676 is divided by c.
16
Suppose 3*c - 371 = -3*n + 169, -c - 2*n + 173 = 0. Calculate the remainder when c is divided by 92.
3
Suppose 43*n - 550 = 40*n + 2*w, -n - 2*w = -194. Calculate the remainder when n is divided by 27.
24
Let s = 106 + -14. Calculate the remainder when 162 is divided by s.
70
Suppose 0 = 3*z + 5*r - 368, 2*z - 4*z - r = -236. What is the remainder when z is divided by ((-16)/(-3))/(14/63)?
20
Let c(g) = -212*g**2 - 21*g + 38. Let r be c(2). Let d = 969 + r. Calculate the remainder when d is divided by 19.
3
Suppose 140*x = 109*x - 147*x + 33108. Calculate the remainder when x is divided by 64.
58
Let v be (-40)/15 + (-1)/3. Let q(g) = -g**2 - 8*g - 9. Suppose 5 + 17 = 2*f. What is the remainder when f is divided by q(v)?
5
Let c(g) = 615*g**3 + 2*g**2 - 63*g + 62. Calculate the remainder when 619 is divided by c(1).
3
Let o(u) be the second derivative of -5*u**3/2 + u**2/2 - 10*u + 5. Calculate the remainder when o(-8) is divided by 14.
9
Let d = -2730 + 2742. What is the remainder when 154 is divided by d?
10
Let c(o) = 23*o + 131. Let a be c(12). Suppose 4*i = -2*v + 4426, -2*v - 687 = -i + a. Calculate the remainder when i is divided by 13.
12
Let d = -4758 + 4839. What is the remainder when 399 is divided by d?
75
Suppose 5*w = 11*w - 12. Let n = 69 - -29. Suppose 2*c + 3*c + 3*y = 195, 3*c -